{"id":312,"date":"2022-11-05T17:51:21","date_gmt":"2022-11-05T16:51:21","guid":{"rendered":"https:\/\/altstadtcafe-stade.de\/home\/?page_id=312"},"modified":"2022-11-05T17:57:04","modified_gmt":"2022-11-05T16:57:04","slug":"disclaimer","status":"publish","type":"page","link":"https:\/\/altstadtcafe-stade.de\/home\/disclaimer\/","title":{"rendered":"Disclaimer"},"content":{"rendered":"\n<p>\u201eWer einen Link auf eine Internet-Seite mit beleidigenden Inhalten setzt, macht sich den Inhalt dieser Seite zu eigen, wenn er sich nicht hinreichend deutlich distanziert. Der blo\u00dfe Hinweis auf die eigene Verantwortung des fremden Site-Betreibers reicht hierf\u00fcr nicht aus. Streitwert: 40.000 DM.\u201c (Leitsatz des Urteils vom 12. Mai 1998 &#8211; 312 O 85\/98 &#8211; Landgericht (LG) Hamburg)&nbsp;<\/p>\n\n\n\n<p>Soweit das zivilrechtliche Risiko. Wenn man bedenkt, dass nach <a target=\"_blank\" href=\"https:\/\/ra.de\/g\/stgb-186\" rel=\"noreferrer noopener\">\u00a7 186 StGB<\/a> eine herabw\u00fcrdigende Tatsachenbehauptung nur dann nicht mit Strafe bedroht ist, \u201e&#8230;wenn nicht diese Tatsache erweislich wahr ist\u201c, sollte man sehr vorsichtig sein, auf welche Seiten man verlinkt.<\/p>\n\n\n\n<p>Das Landgericht erkl\u00e4rt aber in seiner Urteilsbegr\u00fcndung auch wie eine Haftung vermieden werden kann ohne auf weitergehende links zu verzichten.<\/p>\n\n\n\n<p>Das Verbreiten einer von einem Dritten \u00fcber einen anderen aufgestellten herabsetzenden Tatsachenbehauptung ist dann keine eigene Pers\u00f6nlichkeitsrechtsverletzung, wenn derjenige, der die Behauptung wiedergibt, sich ausreichend von ihr distanziert.<br><br>Aufgrund der o.g. Entscheidung findet man kaum noch eine Seite ohne einen Haftungsausschluss (so genannter Disclaimer). Meist haben diese Disclaimer folgenden Wortlaut:<br><br>&#8222;Mit Urteil vom 12. Mai 1998 &#8211; 312 O 85\/98 &#8211; &#8222;Haftung f\u00fcr Links&#8220; hat das Landgericht (LG) Hamburg entschieden, dass man durch das Setzen eines Links, die Inhalte der gelinkten Seite ggf. mit zu verantworten hat. Dies kann &#8211; so das LG &#8211; nur dadurch verhindert werden, dass man sich ausdr\u00fccklich von diesen Inhalten distanziert. Hiermit distanzieren wir uns ausdr\u00fccklich von den verlinkten Seiten.&#8220;<\/p>\n\n\n\n<p>Hm, eigentlich hat die vielfach verwandte Floskel \u201eich entschuldige mich\u201c einen \u00e4hnlichen Inhalt. Man sollte doch annehmen, dass das Entschuldigen, d.h. jemanden frei von Schulden stellen, dem Gesch\u00e4digten (Gl\u00e4ubiger) vorbehalten bleiben sollte und nicht dem Sch\u00e4diger (Schuldner).<br><br>Ein pauschaler Haftungsausschluss f\u00fcr die Inhalte, auf die man verlinkt, ist in der Regel nicht ausreichend. Vielmehr stellt es auch ein \u00e4u\u00dferst widerspr\u00fcchliches Verhalten dar, den Nutzern eine Seite per Link zu empfehlen, sich dann jedoch \u201eausdr\u00fccklich\u201c von den Inhalten der verlinkten Seiten zu distanzieren.<\/p>\n\n\n\n<p>Advocatus Diaboli:&nbsp; \u201eBereits aus dieser Formulierung kann wohl geschlossen werden, dass man sich bewusst ist auf fragw\u00fcrdige Inhalt zu verlinken.\u201c<\/p>\n\n\n\n<p><strong>Die Rechtsanw\u00e4lte Streifler &amp; Kollegen stellen Ihnen frei den unten stehenden Musterdisclaimers auf Ihre Webseite zu \u00fcbernehmen, wenn Sie als Quellennachweis auf diese Seite und termisvertretung.de verweisen und jeweils einen link setzen.<br><br><\/strong>Beachten Sie dabei aber bitte folgende Hinweise:<\/p>\n\n\n\n<p>Dieser Haftungsausschluss ist ein allgemeines Muster. Die verk\u00fcrzte Darstellung bedingt auch hier, dass eine vollst\u00e4ndige Beschreibung der relevanten Rechtslage nicht m\u00f6glich ist und nat\u00fcrlich die Besonderheiten in Ihrem Fall nicht ber\u00fccksichtigt sind. Insbesondere kann der Disclaimer nicht die Haftung f\u00fcr eine bewusste Verlinkung rechtswidriger Inhalte ausschlie\u00dfen. Trotz sorgf\u00e4ltiger Bearbeitung bleibt daher eine Haftung auch f\u00fcr diesen Musterdisclaimer ausgeschlossen. Eine weitergehende Pr\u00fcfung und nat\u00fcrlich auch Haftung, \u00fcbernehmen wir gern im Rahmen eines ordentlichen Mandatsverh\u00e4ltnisses.&nbsp;&nbsp;<\/p>\n\n\n\n<p>Bitte beachten Sie, der Disclaimer enth\u00e4lt keine Ausf\u00fchrungen zu Cookies.&nbsp; Wenn Sie Cookies verwenden, sollten Sie hierauf unbedingt hinweisen. Diese Ausf\u00fchrungen geh\u00f6ren jedoch eher in die Datenschutzrichtlinie. Welche notwendigen Inhalte weiter in die Datenschutzrichtlinie geh\u00f6ren, haben wir <a href=\"https:\/\/www.streifler.de\/artikel\/datenschutzrichtlinie-_6876\">hier <\/a>erl\u00e4utert. Wenn Sie Ihre Webseite f\u00fcr gewerbliche Zwecke nutzen, empfehlen wir Ihnen auch entsprechend angepa\u00dfte AGB\u00b4s zu verwenden. Wenn Sie hierbei Unterst\u00fctzung brauchen, stehen wir Ihnen gern zur Seite.<\/p>\n\n\n\n<p>_________________________________________________<\/p>\n\n\n\n<p>Muster-Haftungsausschluss (Disclaimer) die Druckversion finden Sie <a href=\"https:\/\/www.streifler.de\/muster-haftungsausschluss--28disclaimer-29-deutsch-print2266.html\">hier<\/a>.<\/p>\n\n\n\n<p>Haftung f\u00fcr Inhalte<br>Wir bem\u00fchen uns die Inhalte unserer Seite aktuell zu halten. Trotz sorgf\u00e4ltiger Bearbeitung bleibt eine Haftung ausgeschlossen.<\/p>\n\n\n\n<p>Als Diensteanbieter sind wir gem\u00e4\u00df <a target=\"_blank\" href=\"https:\/\/ra.de\/g\/tmg-7\" rel=\"noreferrer noopener\">\u00a7 7<\/a> Abs.1 <a href=\"https:\/\/www.streifler.de\/gesetze\/tmg\" target=\"_blank\" rel=\"noreferrer noopener\">TMG<\/a> f\u00fcr eigene Inhalte auf diesen Seiten nach den allgemeinen Gesetzen verantwortlich.<br><br>Nach <a target=\"_blank\" href=\"https:\/\/ra.de\/g\/tmg-8\" rel=\"noreferrer noopener\">\u00a7\u00a7 8 bis 10 TMG<\/a> sind wir als Diensteanbieter jedoch nicht verpflichtet, \u00fcbermittelte oder gespeicherte fremde Informationen zu \u00fcberwachen. Bei bekannt werden von Rechtsverletzungen, werden wir diese Inhalte umgehend entfernen. Eine diesbez\u00fcgliche Haftung \u00fcbernehmen wir erst ab dem Zeitpunkt der Kenntnis einer m\u00f6glichen Rechtsverletzung.<br><br>Haftung f\u00fcr Links<br>Unser Angebot enth\u00e4lt Links zu externen Webseiten Dritter, auf deren Inhalte wir keinen Einfluss haben. F\u00fcr die Inhalte der verlinkten Seiten ist stets der jeweilige Anbieter oder Betreiber der Seiten verantwortlich. F\u00fcr die Inhalte und die Richtigkeit der Informationen verlinkter Websites fremder Informationsanbieter wird keine Gew\u00e4hr \u00fcbernommen.&nbsp;&nbsp;<br><br>Die verlinkten Seiten wurden zum Zeitpunkt der Verlinkung auf m\u00f6gliche Rechtsverst\u00f6\u00dfe OHNE BEANSTANDUNG \u00fcberpr\u00fcft. Bei bekannt werden von Rechtsverletzungen werden wir derartige Links umgehend entfernen.<br><br>Urheberrecht<br>Die durch die Seitenbetreiber erstellten Inhalte und Werke auf diesen Seiten unterliegen dem deutschen Urheberrecht. Die Vervielf\u00e4ltigung, Bearbeitung, Verbreitung und jede Art der Verwertung au\u00dferhalb der Grenzen des Urheberrechtes bed\u00fcrfen der schriftlichen Zustimmung des jeweiligen Autors bzw. Erstellers.<br><br>Datenschutz<br>Wir weisen darauf hin, dass die Daten\u00fcbertragung im Internet (z.B. bei der Kommunikation per E-Mail) Sicherheitsl\u00fccken aufweisen kann. Ein l\u00fcckenloser Schutz der Daten vor dem Zugriff durch Dritte ist nicht m\u00f6glich. Eine Vertraulichkeit im Hinblick auf die Datenschutzbestimmungen wird nur unter der vorstehenden Einschr\u00e4nkung gew\u00e4hrleistet. Insbesondere sollen alle Mitteilungen von personenbezogenen Daten \u00fcber das Internet nur erfolgen, soweit nicht Rechte Dritter ber\u00fchrt werden. Es sei denn der Dritte hat in Kenntnis der vorstehenden Sicherheitsl\u00fccken ebenfalls seine Zustimmung erkl\u00e4rt. Eine Haftung des Seitenbetreibers wird f\u00fcr die durch solche Sicherheitsl\u00fccken entstehenden Sch\u00e4den oder Unterlassungsanspr\u00fcche ausgeschlossen.<br><br>Der Nutzung von allen ver\u00f6ffentlichten Kontaktdaten durch Dritte zur \u00dcbersendung von nicht ausdr\u00fccklich angeforderter Werbung wird widersprochen. Die Betreiber der Seiten behalten sich ausdr\u00fccklich rechtliche Schritte im Falle der unverlangten Zusendung von Werbeinformationen, etwa durch Spam-Mails, vor.<br><br>Quelle: BSP Rechtsanw\u00e4lte www.bsp.ra.de<a href=\"https:\/\/www.streifler.de\/\">&nbsp;<\/a><\/p>\n","protected":false},"excerpt":{"rendered":"<p>\u201eWer einen Link auf eine Internet-Seite mit beleidigenden Inhalten setzt, macht sich den Inhalt dieser Seite zu eigen, wenn er sich nicht hinreichend deutlich distanziert. Der blo\u00dfe Hinweis auf die eigene Verantwortung des fremden Site-Betreibers reicht hierf\u00fcr nicht aus. Streitwert: 40.000 DM.\u201c (Leitsatz des Urteils vom 12. Mai 1998 &#8211; 312 O 85\/98 &#8211; Landgericht [&hellip;]<\/p>\n","protected":false},"author":1,"featured_media":0,"parent":0,"menu_order":0,"comment_status":"closed","ping_status":"closed","template":"","meta":{"footnotes":""},"class_list":["post-312","page","type-page","status-publish","hentry","entry"],"yoast_head":"<!-- This site is optimized with the Yoast SEO plugin v21.9.1 - https:\/\/yoast.com\/wordpress\/plugins\/seo\/ -->\n<title>Disclaimer - Altstadtcaf\u00e9 Stade<\/title>\n<meta name=\"robots\" content=\"index, follow, max-snippet:-1, max-image-preview:large, max-video-preview:-1\" \/>\n<link rel=\"canonical\" href=\"https:\/\/altstadtcafe-stade.de\/home\/disclaimer\/\" \/>\n<meta property=\"og:locale\" content=\"de_DE\" \/>\n<meta property=\"og:type\" content=\"article\" \/>\n<meta property=\"og:title\" content=\"Disclaimer - Altstadtcaf\u00e9 Stade\" \/>\n<meta property=\"og:description\" content=\"\u201eWer einen Link auf eine Internet-Seite mit beleidigenden Inhalten setzt, macht sich den Inhalt dieser Seite zu eigen, wenn er sich nicht hinreichend deutlich distanziert. Der blo\u00dfe Hinweis auf die eigene Verantwortung des fremden Site-Betreibers reicht hierf\u00fcr nicht aus. Streitwert: 40.000 DM.\u201c (Leitsatz des Urteils vom 12. Mai 1998 &#8211; 312 O 85\/98 &#8211; Landgericht [&hellip;]\" \/>\n<meta property=\"og:url\" content=\"https:\/\/altstadtcafe-stade.de\/home\/disclaimer\/\" \/>\n<meta property=\"og:site_name\" content=\"Altstadtcaf\u00e9 Stade\" \/>\n<meta property=\"article:publisher\" content=\"https:\/\/de-de.facebook.com\/matthiasdressel1\/\" \/>\n<meta property=\"article:modified_time\" content=\"2022-11-05T16:57:04+00:00\" \/>\n<meta name=\"twitter:card\" content=\"summary_large_image\" \/>\n<meta name=\"twitter:label1\" content=\"Gesch\u00e4tzte Lesezeit\" \/>\n\t<meta name=\"twitter:data1\" content=\"5\u00a0Minuten\" \/>\n<script type=\"application\/ld+json\" class=\"yoast-schema-graph\">{\"@context\":\"https:\/\/schema.org\",\"@graph\":[{\"@type\":\"WebPage\",\"@id\":\"https:\/\/altstadtcafe-stade.de\/home\/disclaimer\/\",\"url\":\"https:\/\/altstadtcafe-stade.de\/home\/disclaimer\/\",\"name\":\"Disclaimer - Altstadtcaf\u00e9 Stade\",\"isPartOf\":{\"@id\":\"https:\/\/altstadtcafe-stade.de\/home\/#website\"},\"datePublished\":\"2022-11-05T16:51:21+00:00\",\"dateModified\":\"2022-11-05T16:57:04+00:00\",\"breadcrumb\":{\"@id\":\"https:\/\/altstadtcafe-stade.de\/home\/disclaimer\/#breadcrumb\"},\"inLanguage\":\"de\",\"potentialAction\":[{\"@type\":\"ReadAction\",\"target\":[\"https:\/\/altstadtcafe-stade.de\/home\/disclaimer\/\"]}]},{\"@type\":\"BreadcrumbList\",\"@id\":\"https:\/\/altstadtcafe-stade.de\/home\/disclaimer\/#breadcrumb\",\"itemListElement\":[{\"@type\":\"ListItem\",\"position\":1,\"name\":\"Startseite\",\"item\":\"https:\/\/altstadtcafe-stade.de\/home\/\"},{\"@type\":\"ListItem\",\"position\":2,\"name\":\"Disclaimer\"}]},{\"@type\":\"WebSite\",\"@id\":\"https:\/\/altstadtcafe-stade.de\/home\/#website\",\"url\":\"https:\/\/altstadtcafe-stade.de\/home\/\",\"name\":\"Altstadtcaf\u00e9 Stade\",\"description\":\"im H\u00f6kerhaus im Herzen der Altstadt\",\"potentialAction\":[{\"@type\":\"SearchAction\",\"target\":{\"@type\":\"EntryPoint\",\"urlTemplate\":\"https:\/\/altstadtcafe-stade.de\/home\/?s={search_term_string}\"},\"query-input\":\"required name=search_term_string\"}],\"inLanguage\":\"de\"}]}<\/script>\n<!-- \/ Yoast SEO plugin. -->","yoast_head_json":{"title":"Disclaimer - Altstadtcaf\u00e9 Stade","robots":{"index":"index","follow":"follow","max-snippet":"max-snippet:-1","max-image-preview":"max-image-preview:large","max-video-preview":"max-video-preview:-1"},"canonical":"https:\/\/altstadtcafe-stade.de\/home\/disclaimer\/","og_locale":"de_DE","og_type":"article","og_title":"Disclaimer - Altstadtcaf\u00e9 Stade","og_description":"\u201eWer einen Link auf eine Internet-Seite mit beleidigenden Inhalten setzt, macht sich den Inhalt dieser Seite zu eigen, wenn er sich nicht hinreichend deutlich distanziert. Der blo\u00dfe Hinweis auf die eigene Verantwortung des fremden Site-Betreibers reicht hierf\u00fcr nicht aus. Streitwert: 40.000 DM.\u201c (Leitsatz des Urteils vom 12. Mai 1998 &#8211; 312 O 85\/98 &#8211; Landgericht [&hellip;]","og_url":"https:\/\/altstadtcafe-stade.de\/home\/disclaimer\/","og_site_name":"Altstadtcaf\u00e9 Stade","article_publisher":"https:\/\/de-de.facebook.com\/matthiasdressel1\/","article_modified_time":"2022-11-05T16:57:04+00:00","twitter_card":"summary_large_image","twitter_misc":{"Gesch\u00e4tzte Lesezeit":"5\u00a0Minuten"},"schema":{"@context":"https:\/\/schema.org","@graph":[{"@type":"WebPage","@id":"https:\/\/altstadtcafe-stade.de\/home\/disclaimer\/","url":"https:\/\/altstadtcafe-stade.de\/home\/disclaimer\/","name":"Disclaimer - Altstadtcaf\u00e9 Stade","isPartOf":{"@id":"https:\/\/altstadtcafe-stade.de\/home\/#website"},"datePublished":"2022-11-05T16:51:21+00:00","dateModified":"2022-11-05T16:57:04+00:00","breadcrumb":{"@id":"https:\/\/altstadtcafe-stade.de\/home\/disclaimer\/#breadcrumb"},"inLanguage":"de","potentialAction":[{"@type":"ReadAction","target":["https:\/\/altstadtcafe-stade.de\/home\/disclaimer\/"]}]},{"@type":"BreadcrumbList","@id":"https:\/\/altstadtcafe-stade.de\/home\/disclaimer\/#breadcrumb","itemListElement":[{"@type":"ListItem","position":1,"name":"Startseite","item":"https:\/\/altstadtcafe-stade.de\/home\/"},{"@type":"ListItem","position":2,"name":"Disclaimer"}]},{"@type":"WebSite","@id":"https:\/\/altstadtcafe-stade.de\/home\/#website","url":"https:\/\/altstadtcafe-stade.de\/home\/","name":"Altstadtcaf\u00e9 Stade","description":"im H\u00f6kerhaus im Herzen der Altstadt","potentialAction":[{"@type":"SearchAction","target":{"@type":"EntryPoint","urlTemplate":"https:\/\/altstadtcafe-stade.de\/home\/?s={search_term_string}"},"query-input":"required name=search_term_string"}],"inLanguage":"de"}]}},"_links":{"self":[{"href":"https:\/\/altstadtcafe-stade.de\/home\/wp-json\/wp\/v2\/pages\/312","targetHints":{"allow":["GET"]}}],"collection":[{"href":"https:\/\/altstadtcafe-stade.de\/home\/wp-json\/wp\/v2\/pages"}],"about":[{"href":"https:\/\/altstadtcafe-stade.de\/home\/wp-json\/wp\/v2\/types\/page"}],"author":[{"embeddable":true,"href":"https:\/\/altstadtcafe-stade.de\/home\/wp-json\/wp\/v2\/users\/1"}],"replies":[{"embeddable":true,"href":"https:\/\/altstadtcafe-stade.de\/home\/wp-json\/wp\/v2\/comments?post=312"}],"version-history":[{"count":2,"href":"https:\/\/altstadtcafe-stade.de\/home\/wp-json\/wp\/v2\/pages\/312\/revisions"}],"predecessor-version":[{"id":327,"href":"https:\/\/altstadtcafe-stade.de\/home\/wp-json\/wp\/v2\/pages\/312\/revisions\/327"}],"wp:attachment":[{"href":"https:\/\/altstadtcafe-stade.de\/home\/wp-json\/wp\/v2\/media?parent=312"}],"curies":[{"name":"wp","href":"https:\/\/api.w.org\/{rel}","templated":true}]}}